{"id":35,"date":"2025-03-11T21:55:11","date_gmt":"2025-03-11T20:55:11","guid":{"rendered":"https:\/\/zgmkwr.pl\/?page_id=35"},"modified":"2025-03-11T21:59:52","modified_gmt":"2025-03-11T20:59:52","slug":"cele-i-zakres-dzialania-zgm","status":"publish","type":"page","link":"https:\/\/zgmkwr.pl\/index.php\/cele-i-zakres-dzialania-zgm\/","title":{"rendered":"Cele i zakres dzia\u0142ania ZGM"},"content":{"rendered":"\n<hr class=\"wp-block-separator has-alpha-channel-opacity\"\/>\n\n\n\n<p>Zak\u0142ad Gospodarki Mieszkaniowej ma na celu bie\u017c\u0105ce i nieprzerwalne zaspakajanie potrzeb ludno\u015bci w zakresie gospodarki mieszkaniowej na terenie miasta i gminy K\u0105ty Wroc\u0142awskie.<\/p>\n\n\n\n<p>Zakres dzia\u0142ania Zak\u0142adu Gospodarki Mieszkaniowej obejmuje:<\/p>\n\n\n\n<p>1. Utrzymanie w nale\u017cytym stanie technicznym budynk\u00f3w i urz\u0105dze\u0144 komunalnych b\u0119d\u0105cych w\u0142asno\u015bci\u0105 Gminy K\u0105ty Wroc\u0142awskie, a w szczeg\u00f3lno\u015bci:<\/p>\n\n\n\n<p>a) prowadzenie w\u0142a\u015bciwej eksploatacji budynk\u00f3w, teren\u00f3w przynale\u017cnych i urz\u0105dze\u0144 komunalnych,<\/p>\n\n\n\n<p>b) przygotowanie i realizowanie w systemie zleconym konserwacji, napraw, remont\u00f3w i modernizacji budynk\u00f3w, mieszka\u0144 i urz\u0105dze\u0144 komunalnych w zakresie przewidzianym przepisami prawa,<\/p>\n\n\n\n<p>c) obs\u0142uga mieszka\u0144c\u00f3w budynk\u00f3w komunalnych w zakresie wynikaj\u0105cym z przepis\u00f3w prawa i potrzeb eksploatacyjnych,<\/p>\n\n\n\n<p>2. Gospodarowanie mieszkaniowym zasobem gminy w szczeg\u00f3lno\u015bci:<\/p>\n\n\n\n<p>a) zawieranie um\u00f3w o najem lokali mieszkalnych,<\/p>\n\n\n\n<p>b) zawieranie um\u00f3w o najem lokali socjalnych,<\/p>\n\n\n\n<p>c) zawieranie um\u00f3w o najem lokali u\u017cytkowych,<\/p>\n\n\n\n<p>d) zawieranie um\u00f3w indywidualnych z najemcami oraz z w\u0142a\u015bcicielami lokali w sprawie wywozu nieczysto\u015bci p\u0142ynnych \u2013 szamba,<\/p>\n\n\n\n<p>e) zawieranie um\u00f3w z najemcami, kt\u00f3rych lokale wyposa\u017cone s\u0105 w podliczniki w sprawie sposobu rozliczania energii,<\/p>\n\n\n\n<p>f) zawieranie um\u00f3w z w\u0142a\u015bcicielami lokali w sprawie sposobu rozliczania energii elektrycznej cz\u0119\u015bci wsp\u00f3lnych nieruchomo\u015bci,<\/p>\n\n\n\n<p>g) rozwi\u0105zywanie um\u00f3w najmu w sytuacjach prawem przewidzianych.<\/p>\n\n\n\n<p>3. Obs\u0142uga wywozu nieczysto\u015bci sta\u0142ych poprzez:<\/p>\n\n\n\n<p>a) wy\u0142onienie wykonawcy zgodnie z przepisami Ustawy Prawo Zam\u00f3wie\u0144 Publicznych,<\/p>\n\n\n\n<p>b) zawarcie umowy na wykonanie us\u0142ugi,<\/p>\n\n\n\n<p>c) nadz\u00f3r nad realizacj\u0105 zam\u00f3wienia.<\/p>\n\n\n\n<p>4. Obs\u0142uga wywozu nieczysto\u015bci p\u0142ynnych poprzez:<\/p>\n\n\n\n<p>a) wy\u0142onienie wykonawcy zgodnie z przepisami Ustawy Prawo Zam\u00f3wie\u0144 Publicznych,<\/p>\n\n\n\n<p>b) zawarcie umowy na wykonanie us\u0142ugi,<\/p>\n\n\n\n<p>c) przyjmowanie od najemc\u00f3w zg\u0142osze\u0144 i przekazywanie wykonawcy,<\/p>\n\n\n\n<p>d) nadz\u00f3r nad realizacj\u0105 zam\u00f3wienia.<\/p>\n\n\n\n<p>5. Obs\u0142uga Cmentarzy Komunalnych na terenie miasta i gminy K\u0105ty Wroc\u0142awskie<\/p>\n\n\n\n<p>w zakresie:<\/p>\n\n\n\n<p>a) prowadzenie ewidencji zmar\u0142ych,<\/p>\n\n\n\n<p>b) uzgadnianie miejsc grzebalnych zgodnie z planem zagospodarowania terenu cmentarza oraz prowadzenia rejestru miejsc grzebalnych i rezerwacji tych miejsc,<\/p>\n\n\n\n<p>c) prowadzenie spraw zwi\u0105zanych z ekshumacj\u0105 zw\u0142ok,<\/p>\n\n\n\n<p>d) pobieranie op\u0142at za miejsca grzebalne oraz za rezerwacj\u0119 miejsc.<\/p>\n\n\n\n<p><\/p>\n\n\n\n<p><\/p>\n\n\n\n<p><\/p>\n","protected":false},"excerpt":{"rendered":"<p>Zak\u0142ad Gospodarki Mieszkaniowej ma na celu bie\u017c\u0105ce i nieprzerwalne zaspakajanie potrzeb ludno\u015bci w zakresie gospodarki mieszkaniowej na terenie miasta i gminy K\u0105ty Wroc\u0142awskie. Zakres dzia\u0142ania Zak\u0142adu Gospodarki Mieszkaniowej obejmuje: 1. Utrzymanie w nale\u017cytym stanie technicznym budynk\u00f3w i urz\u0105dze\u0144 komunalnych b\u0119d\u0105cych w\u0142asno\u015bci\u0105 Gminy K\u0105ty Wroc\u0142awskie, a w szczeg\u00f3lno\u015bci: a) prowadzenie w\u0142a\u015bciwej eksploatacji budynk\u00f3w, teren\u00f3w przynale\u017cnych i [&hellip;]<\/p>\n","protected":false},"author":1,"featured_media":0,"parent":0,"menu_order":0,"comment_status":"closed","ping_status":"closed","template":"","meta":{"footnotes":""},"class_list":["post-35","page","type-page","status-publish","hentry"],"_links":{"self":[{"href":"https:\/\/zgmkwr.pl\/index.php\/wp-json\/wp\/v2\/pages\/35","targetHints":{"allow":["GET"]}}],"collection":[{"href":"https:\/\/zgmkwr.pl\/index.php\/wp-json\/wp\/v2\/pages"}],"about":[{"href":"https:\/\/zgmkwr.pl\/index.php\/wp-json\/wp\/v2\/types\/page"}],"author":[{"embeddable":true,"href":"https:\/\/zgmkwr.pl\/index.php\/wp-json\/wp\/v2\/users\/1"}],"replies":[{"embeddable":true,"href":"https:\/\/zgmkwr.pl\/index.php\/wp-json\/wp\/v2\/comments?post=35"}],"version-history":[{"count":2,"href":"https:\/\/zgmkwr.pl\/index.php\/wp-json\/wp\/v2\/pages\/35\/revisions"}],"predecessor-version":[{"id":42,"href":"https:\/\/zgmkwr.pl\/index.php\/wp-json\/wp\/v2\/pages\/35\/revisions\/42"}],"wp:attachment":[{"href":"https:\/\/zgmkwr.pl\/index.php\/wp-json\/wp\/v2\/media?parent=35"}],"curies":[{"name":"wp","href":"https:\/\/api.w.org\/{rel}","templated":true}]}}