{"id":32,"date":"2025-03-11T21:52:51","date_gmt":"2025-03-11T20:52:51","guid":{"rendered":"https:\/\/zgmkwr.pl\/?page_id=32"},"modified":"2026-03-27T14:06:17","modified_gmt":"2026-03-27T13:06:17","slug":"oswiadczenie-o-dostepnosci","status":"publish","type":"page","link":"https:\/\/zgmkwr.pl\/index.php\/oswiadczenie-o-dostepnosci\/","title":{"rendered":"Deklaracja dost\u0119pno\u015bci"},"content":{"rendered":"\n<hr class=\"wp-block-separator has-alpha-channel-opacity\"\/>\n\n\n\n<p>Zak\u0142ad Gospodarki Mieszkaniowej w K\u0105tach Wroc\u0142awskich zobowi\u0105zuje si\u0119 zapewni\u0107 dost\u0119pno\u015b\u0107 swojej strony internetowej zgodnie z przepisami ustawy z dnia 4 kwietnia 2019 r. o dost\u0119pno\u015bci cyfrowej stron internetowych i aplikacji mobilnych podmiot\u00f3w publicznych. O\u015bwiadczenie w sprawie dost\u0119pno\u015bci ma zastosowanie do strony internetowej https:\/\/zgmkwr.pl<\/p>\n\n\n\n<p>Data publikacji strony internetowej: 09.05.2022<\/p>\n\n\n\n<p>Data ostatniej istotnej aktualizacji: strona jest na bie\u017c\u0105co aktualizowana<\/p>\n\n\n\n<p><strong>Status pod wzgl\u0119dem zgodno\u015bci z ustaw\u0105<\/strong><\/p>\n\n\n\n<p>Strona internetowa jest cz\u0119\u015bciowo zgodna z ustaw\u0105 z dnia 4 kwietnia 2019 r.<br>o dost\u0119pno\u015bci cyfrowej stron internetowych i aplikacji mobilnych podmiot\u00f3w publicznych.<\/p>\n\n\n\n<p><strong>Tre\u015bci niedost\u0119pne:<\/strong><\/p>\n\n\n\n<p>Niekt\u00f3re tre\u015bci opublikowane na stronie mog\u0105 by\u0107 niedost\u0119pne z nast\u0119puj\u0105cych powod\u00f3w:<\/p>\n\n\n\n<ul class=\"wp-block-list\">\n<li>cz\u0119\u015b\u0107 dokument\u00f3w zosta\u0142a opublikowana w formie skan\u00f3w, kt\u00f3re nie s\u0105 dost\u0119pne cyfrowo,<\/li>\n\n\n\n<li>niekt\u00f3re pliki mog\u0105 nie spe\u0142nia\u0107 w pe\u0142ni standard\u00f3w dost\u0119pno\u015bci.<\/li>\n<\/ul>\n\n\n\n<p><strong>Przygotowanie deklaracji w sprawie dost\u0119pno\u015bci<\/strong><\/p>\n\n\n\n<p>O\u015bwiadczenie sporz\u0105dzono dnia: 26.03.2025 r.&nbsp;<em>Deklaracj\u0119 sporz\u0105dzono na podstawie samooceny przeprowadzonej przez podmiot publiczny.<\/em><\/p>\n\n\n\n<p><strong>Informacja dla u\u017cytkownik\u00f3w niepe\u0142nosprawnych:<\/strong><\/p>\n\n\n\n<p>Strona internetowa zosta\u0142a zaprojektowana i zbudowana w taki spos\u00f3b, aby jak najwi\u0119ksza liczba u\u017cytkownik\u00f3w mog\u0142a z niej swobodnie korzysta\u0107 na r\u00f3\u017cnych systemach operacyjnych i r\u00f3\u017cnych przegl\u0105darkach.<\/p>\n\n\n\n<p>Osoby s\u0142abowidz\u0105ce maj\u0105 mo\u017cliwo\u015b\u0107 dostosowania wielko\u015bci czcionki poprzez powi\u0119kszenie lub zmniejszenie. Ponadto jest mo\u017cliwo\u015b\u0107 ustawienia skali szaro\u015bci, kontrastu (wysoki lub negatywny) mo\u017cna pod\u015bwietli\u0107 linki oraz ustawi\u0107 czyteln\u0105 czcionk\u0119 (przyciski funkcyjne w prawym g\u00f3rnym rogu oznaczone znaczkiem niepe\u0142nosprawno\u015bci)<\/p>\n\n\n\n<p>Po witrynie opr\u00f3cz myszki mo\u017cna tak\u017ce porusza\u0107 si\u0119 za pomoc\u0105 klawiatury poprzez u\u017cycie&nbsp; klawisza tabulacji (Tab) oraz mo\u017cna u\u017cywa\u0107 standardowych skr\u00f3t\u00f3w klawiaturowych przegl\u0105darki.<\/p>\n\n\n\n<p><strong>Informacje zwrotne i dane kontaktowe<\/strong><\/p>\n\n\n\n<p>W przypadku problem\u00f3w z dost\u0119pno\u015bci\u0105 strony internetowej prosimy o kontakt na adres poczty elektronicznej:&nbsp;zgm@zgmkwr.pl. Kontaktowa\u0107 mo\u017cna si\u0119 tak\u017ce dzwoni\u0105c na numer telefonu +48 (71) 316 70 79. T\u0105 sam\u0105 drog\u0105 mo\u017cna sk\u0142ada\u0107 wnioski o udost\u0119pnienie informacji niedost\u0119pnej oraz sk\u0142ada\u0107 \u017c\u0105dania zapewnienia dost\u0119pno\u015bci.<\/p>\n\n\n\n<p>Ka\u017cdy ma prawo do wyst\u0105pienia z \u017c\u0105daniem zapewnienia dost\u0119pno\u015bci cyfrowej strony internetowej, aplikacji mobilnej lub jakiego\u015b ich elementu. Mo\u017cna tak\u017ce za\u017c\u0105da\u0107 udost\u0119pnienia informacji w formach alternatywnych, na przyk\u0142ad odczytanie niedost\u0119pnego cyfrowo dokumentu czy opisania zawarto\u015bci filmu bez audio deskrypcji.<\/p>\n\n\n\n<p>\u017b\u0105danie powinno zawiera\u0107: dane osoby zg\u0142aszaj\u0105cej \u017c\u0105danie, wskazanie, o kt\u00f3r\u0105 stron\u0119 internetow\u0105 lub aplikacj\u0119 mobiln\u0105 chodzi, spos\u00f3b kontaktu.<\/p>\n\n\n\n<p>Je\u017celi osoba \u017c\u0105daj\u0105ca zg\u0142asza potrzeb\u0119 otrzymania informacji w formie alternatywnej, powinna tak\u017ce okre\u015bli\u0107 form\u0119 tej informacji. Podmiot publiczny powinien zrealizowa\u0107 \u017c\u0105danie niezw\u0142ocznie i nie p\u00f3\u017aniej, ni\u017c w ci\u0105gu 7 dni. Je\u017celi dotrzymanie tego terminu nie jest mo\u017cliwe, podmiot publiczny niezw\u0142ocznie informuje o tym, kiedy realizacja \u017c\u0105dania b\u0119dzie mo\u017cliwa, przy czym termin ten nie mo\u017ce by\u0107 d\u0142u\u017cszy ni\u017c 2 miesi\u0105ce. Je\u017celi zapewnienie dost\u0119pno\u015bci nie jest mo\u017cliwe, podmiot publiczny mo\u017ce zaproponowa\u0107 alternatywny spos\u00f3b dost\u0119pu do informacji. W przypadku, gdy podmiot odm\u00f3wi realizacji \u017c\u0105dania zapewnienia dost\u0119pno\u015bci lub alternatywnego dost\u0119pu do informacji, mo\u017cna z\u0142o\u017cy\u0107 skarg\u0119 na takie dzia\u0142anie. Po wyczerpaniu wszystkich mo\u017cliwo\u015bci skarg\u0119 mo\u017cna przes\u0142a\u0107 tak\u017ce do Rzecznika Praw Obywatelskich. Link do strony internetowej&nbsp;<a href=\"https:\/\/www.rpo.gov.pl\/\" target=\"_blank\" rel=\"noreferrer noopener\">Rzecznika Praw Obywatelskich<\/a> &#8211; <a href=\"https:\/\/bip.brpo.gov.pl\/pl\">https:\/\/bip.brpo.gov.pl\/pl<\/a><\/p>\n\n\n\n<p><strong>Dost\u0119pno\u015b\u0107 architektoniczna budynku<\/strong><\/p>\n\n\n\n<p>Adres siedziby<br><\/p>\n\n\n\n<p>Zak\u0142ad Gospodarki Mieszkaniowej<\/p>\n\n\n\n<p>&nbsp;ul. 1 Maja 85<\/p>\n\n\n\n<p>&nbsp;55-080 K\u0105ty Wroc\u0142awskie<\/p>\n\n\n\n<p>Dost\u0119pno\u015b\u0107 wej\u015bcia<\/p>\n\n\n\n<p>Wej\u015bcie Zak\u0142adu Gospodarki Mieszkaniowej znajduje si\u0119 w budynku PKP po lewej stronie od g\u0142\u00f3wnego wej\u015bcia na staj\u0119 PKP. Drzwi do budynku otwieraj\u0105 si\u0119 na zewn\u0105trz. Bezpo\u015brednio przy drzwiach zamontowany jest&nbsp; dzwonek z&nbsp; kamerk\u0105 oraz z informacj\u0105 w alfabecie Braille\u2019a umo\u017cliwiaj\u0105cy osobie obs\u0142uguj\u0105cej sekretariat otworzenie drzwi i wst\u0119pn\u0105 identyfikacj\u0119 interesanta. Wej\u015bcie bezpo\u015brednio z poziomu nawierzchni gruntu (brak prog\u00f3w), brak przeszk\u00f3d dla os\u00f3b na w\u00f3zkach inwalidzkich. Pomieszczenia biurowe rozmieszczone s\u0105 na dw\u00f3ch kondygnacjach. Wszystkie&nbsp; korytarze s\u0105 szerokie i w pe\u0142ni dost\u0119pne dla interesant\u00f3w. W budynku dost\u0119pna jest winda. Ponadto dost\u0119p do wszystkich pomieszcze\u0144 zar\u00f3wno na parterze jak i na pierwszym pi\u0119trze z poziomu korytarza (brak prog\u00f3w). Do budynku i wszystkich jego pomieszcze\u0144 mo\u017cna wej\u015b\u0107 z psem asystuj\u0105cym i psem przewodnikiem.<\/p>\n\n\n\n<p>Dost\u0119pno\u015b\u0107 parkingu<\/p>\n\n\n\n<p>Miejsca parkingowe dost\u0119pne bezp\u0142atnie. Wyznaczone s\u0105 dwa miejsca parkingowe (pomalowane na niebiesko z prawid\u0142owym oznakowaniem) przeznaczone dla os\u00f3b niepe\u0142nosprawnych <a>bez barier uniemo\u017cliwiaj\u0105cych poruszanie si\u0119 os\u00f3b na w\u00f3zkach inwalidzkich<\/a>. &nbsp;<\/p>\n\n\n\n<p>Dost\u0119pno\u015b\u0107 t\u0142umacza j\u0119zyka migowego<\/p>\n\n\n\n<p>Zak\u0142ad Gospodarki Mieszkaniowej w K\u0105tach Wroc\u0142awskich zapewnia dost\u0119pno\u015b\u0107 t\u0142umacza j\u0119zyka migowego zgodnie z procedur\u0105 obs\u0142ugi os\u00f3b niepe\u0142nosprawnych.<\/p>\n\n\n\n<p>P\u0119tla indukcyjna<\/p>\n\n\n\n<p>Zak\u0142ad Gospodarki Mieszkaniowej w K\u0105tach Wroc\u0142awskich dysponuje <strong>przeno\u015bn\u0105 p\u0119tl\u0105 indukcyjn\u0105<\/strong><strong>,<\/strong> wspomagaj\u0105c\u0105 obs\u0142ug\u0119 os\u00f3b s\u0142abos\u0142ysz\u0105cych.<\/p>\n\n\n\n<p>Dost\u0119pno\u015b\u0107 toalety<\/p>\n\n\n\n<p>Toaleta dla interesant\u00f3w w tym os\u00f3b niepe\u0142nosprawnych znajduje si\u0119 na parterze budynku.<\/p>\n\n\n\n<p>&nbsp;<br>W przypadku niemo\u017cno\u015bci dotarcia interesanta do w\u0142a\u015bciwego pracownika zak\u0142adu istnieje mo\u017cliwo\u015b\u0107 przyj\u015bcia pracownika merytorycznego na parter i obs\u0142ugi interesanta w dogodny dla niego spos\u00f3b.<\/p>\n\n\n\n<p><a href=\"https:\/\/zgmkwr.pl\/wp-content\/uploads\/2025\/03\/Procedura-obslugi-osob-niepelnosprawnych.pdf\">Procedura-obslugi-osob-niepelnosprawnych.pdf<\/a><\/p>\n\n\n\n<p><a href=\"https:\/\/zgmkwr.pl\/wp-content\/uploads\/2025\/03\/Raport-o-stanie-zapewnienia-dostepnosci-podmiotu-publicznego.pdf\">Raport-o-stanie-zapewnienia-dostepnosci-podmiotu-publicznego.pdf<\/a><\/p>\n\n\n\n<p><a href=\"https:\/\/zgmkwr.pl\/wp-content\/uploads\/2025\/03\/Wniosek-jezyk-migowy.doc\">Wniosek-jezyk-migowy.doc<\/a><\/p>\n\n\n\n<p><\/p>\n","protected":false},"excerpt":{"rendered":"<p>Zak\u0142ad Gospodarki Mieszkaniowej w K\u0105tach Wroc\u0142awskich zobowi\u0105zuje si\u0119 zapewni\u0107 dost\u0119pno\u015b\u0107 swojej strony internetowej zgodnie z przepisami ustawy z dnia 4 kwietnia 2019 r. o dost\u0119pno\u015bci cyfrowej stron internetowych i aplikacji mobilnych podmiot\u00f3w publicznych. O\u015bwiadczenie w sprawie dost\u0119pno\u015bci ma zastosowanie do strony internetowej https:\/\/zgmkwr.pl Data publikacji strony internetowej: 09.05.2022 Data ostatniej istotnej aktualizacji: strona jest na [&hellip;]<\/p>\n","protected":false},"author":1,"featured_media":0,"parent":0,"menu_order":0,"comment_status":"closed","ping_status":"closed","template":"","meta":{"footnotes":""},"class_list":["post-32","page","type-page","status-publish","hentry"],"_links":{"self":[{"href":"https:\/\/zgmkwr.pl\/index.php\/wp-json\/wp\/v2\/pages\/32","targetHints":{"allow":["GET"]}}],"collection":[{"href":"https:\/\/zgmkwr.pl\/index.php\/wp-json\/wp\/v2\/pages"}],"about":[{"href":"https:\/\/zgmkwr.pl\/index.php\/wp-json\/wp\/v2\/types\/page"}],"author":[{"embeddable":true,"href":"https:\/\/zgmkwr.pl\/index.php\/wp-json\/wp\/v2\/users\/1"}],"replies":[{"embeddable":true,"href":"https:\/\/zgmkwr.pl\/index.php\/wp-json\/wp\/v2\/comments?post=32"}],"version-history":[{"count":7,"href":"https:\/\/zgmkwr.pl\/index.php\/wp-json\/wp\/v2\/pages\/32\/revisions"}],"predecessor-version":[{"id":240,"href":"https:\/\/zgmkwr.pl\/index.php\/wp-json\/wp\/v2\/pages\/32\/revisions\/240"}],"wp:attachment":[{"href":"https:\/\/zgmkwr.pl\/index.php\/wp-json\/wp\/v2\/media?parent=32"}],"curies":[{"name":"wp","href":"https:\/\/api.w.org\/{rel}","templated":true}]}}